2
Let u(p) = 41*p**2 - 3*p**3 - 83*p**2 + 4*p**3 + 45*p**2. Suppose 2 - 16 = 4*q + 2*g, -2 = 2*g. Calculate u(q).
0
Let q(z) = 5*z**2 + z + 1. Let c be q(-1). Let t(k) be the first derivative of -k**3/3 + 3*k**2 - k + 1. Give t(c).
4
Let j be (36/48)/(6/16). Let c(g) = 0 + g**2 - j*g + 4 + 8*g + 2. Give c(-5).
1
Let q(i) be the third derivative of 0*i + 1/6*i**3 + 2*i**2 - 1/60*i**5 + 0 - 1/6*i**4. Let w be (-4)/8*3*2. Determine q(w).
4
Let d(o) = 5*o - 2. Let r(k) = -11*k + 5. Let y(b) = 13*d(b) + 6*r(b). What is y(0)?
4
Let c(r) = 8*r + 3. Let o(d) = 9*d + 3. Let q(b) = -6*c(b) + 5*o(b). Give q(-4).
9
Let j(q) = -3*q**3 - q**2 - 6*q - 2. Let s(b) = -4 - b**2 - 10*b - 5 - 2*b + 4 - 7*b**3. Let w(y) = -9*j(y) + 4*s(y). Give w(6).
-2
Let b = -3 + -2. Let a(h) be the first derivative of -h**3/3 - 3*h**2/2 - 9. Give a(b).
-10
Let s(w) = -w + 17. Let q be s(0). Suppose -3 = -4*x + q. Suppose x*v - 5 - 14 = 2*f, 3*v + 4*f - 1 = 0. Let p(j) = j**2 - 4. What is p(v)?
5
Let r(q) be the first derivative of q**2 + 4*q - 1. Suppose -3*f = -2*x - 0*x - 13, 2*x + 5*f + 5 = 0. Calculate r(x).
-6
Let g(a) = 4*a**2 - 8*a - 6. Let f(r) = -r**2 + 3*r + 2. Let t(z) = 7*f(z) + 2*g(z). Determine t(-5).
2
Suppose 0*r = 2*r. Let d(s) = -s**2 + s - 2. Let l be d(r). Let v(g) = -g**2 - 2*g - 3 + 3. Determine v(l).
0
Let a(u) = -u + 3. Let s be (-12 - -4)/(-1 - 1) + 0. Determine a(s).
-1
Let h be (-6)/(-45)*(-10)/(-16). Let g(s) be the third derivative of 1/6*s**5 + h*s**4 + 1/6*s**3 + 0*s + 3*s**2 + 0. Determine g(-1).
9
Let m(o) = o**2 - 5*o - 4. Let w be m(5). Let f = -4 - w. Let c(j) = f*j - 4 + 2*j**2 + 0*j + j - 3*j. Give c(3).
8
Suppose 4*d = -d + 10. Let b(s) = -s**2 + s - 1. Let u(p) = -p**3 + 6*p**2 - 6*p + 3. Let t(z) = -4*b(z) - u(z). Calculate t(d).
5
Let j be (0 - (-3 + 4)) + 1. Let m(q) = -6*q + 4*q + j - 2. Calculate m(-2).
2
Let r(g) = -2*g**2 - 2*g - 1. Let s(m) = -m**2 - 4*m - 1. Let j be s(-4). Determine r(j).
-1
Let u(v) = -v - 7. Let p(g) = g**2 + g - 1. Let l be p(1). Let y = l + 2. Suppose -t + y*t = 0. What is u(t)?
-7
Let p(z) = -21*z - 7*z**2 - 4 + 3*z + 9*z - z**3. What is p(-6)?
14
Let s(k) be the second derivative of -k**5/20 + k. Suppose -4*j - j + z + 29 = 0, -j + z + 5 = 0. Let m be j/4*(-6)/(-9). Calculate s(m).
-1
Suppose z + 9 + 1 = 0. Let a = z - -16. Let w(f) = f - a*f + 4*f - 1 - 1. Calculate w(-4).
2
Let k(o) = o + 1. Let h(l) = l - 5. Let b(d) = -h(d) - k(d). Determine b(3).
-2
Let r(f) = f**2 - 6*f + 1. Let z = 10 + -10. Let m(l) = 1. Let b(j) = j - 2. Let d(x) = -b(x) + 2*m(x). Let s be d(z). Determine r(s).
-7
Let u(d) = d**2 + 6*d + 1. Let f(t) = -t**2 - t - 3. Let g be f(-2). Calculate u(g).
-4
Let w(g) = 5*g - g**2 + 0*g + 6*g - 1 - 5*g. Let t = 11 - 8. Calculate w(t).
8
Suppose 2*n = n - 3. Let a = -6 - n. Let y(p) = 3*p. Give y(a).
-9
Let r be 0/(0 + -1) - -4. Let i(l) = -5*l + l**2 + 0*l**2 - 108 + 110. Calculate i(r).
-2
Let i(o) = 8*o**3 - 2*o**2 - 3*o - 4. Let b(u) = -9*u**3 + 2*u**2 + 2*u + 3. Let s(m) = -4*b(m) - 3*i(m). Give s(1).
11
Let p(o) be the third derivative of -o**5/60 - 3*o**4/8 - o**3 + 22*o**2. Give p(-7).
8
Let k(h) = h**3 - h**2 + 4*h + 5. Let m(i) = 2*i**3 - i**2 + 8*i + 11. Let o(n) = -7*k(n) + 3*m(n). Calculate o(4).
-18
Let v(w) = w**2 + w - 4. Let h(n) = n. Let i(p) = 4*h(p) - v(p). Determine i(3).
4
Suppose 4*m = -2*u + 44, -55 = -3*m + 3*u + u. Suppose 2*n = r + 9, m + 8 = 5*n - 2*r. Let g(a) = 2 - 2*a + 0 - n. Determine g(2).
-5
Suppose 2*s + s = -12. Let p be 0*-2*1/s. Suppose 5*w + 15 + 0 = p. Let j(v) = v + 6. Calculate j(w).
3
Let g(x) = -x**2 + 7*x. Let i be g(7). Let k be i + 5 + 1 - 2. Let s(b) = -b**3 + 4*b**2 + b + 2. Calculate s(k).
6
Suppose -15 = -4*p - 3. Let i(d) = 2 + 1 - p*d - 8 + 0*d. What is i(-4)?
7
Let r(o) be the first derivative of 9 + 1/3*o**3 - 7*o + 2*o**2. Give r(-5).
-2
Let z(b) be the second derivative of b**5/20 - b**4/12 - b**2/2 - 9*b. Give z(0).
-1
Let q = 15 + -14. Let i(d) = -3 + 2*d - d**3 + 2 - 4*d**3. Give i(q).
-4
Let l(u) = -3*u - 1. Let f(d) = -4*d**2 + 45*d - 36. Let w(p) = p**2 - 11*p + 9. Let o(g) = 2*f(g) + 9*w(g). Let b be o(8). Calculate l(b).
-4
Let w(c) = 3*c - 2*c**2 - 1 + 0 + 0. Let z be w(2). Let r(b) = 2*b**2 + 3*b. Calculate r(z).
9
Let d(s) = 2*s - 1. Let r(v) = 4*v + 7. Let u(m) = -5*m - 7. Let x(p) = -3*r(p) - 2*u(p). Let t be x(-6). What is d(t)?
9
Let b(x) be the third derivative of -x**4/24 + x**3/6 - x**2. Let u(c) = -c - 6. Let p be u(12). Let n be (-60)/p + (-1)/3. Give b(n).
-2
Let k = 8 + -3. Suppose 1 - k = n. Let c(g) = -g**3 - 5*g**2 - 2*g + 4. Calculate c(n).
-4
Let t(z) = 10*z - 7*z + 2*z**2 + 1 - z - 10*z**3. Calculate t(-1).
11
Let x(k) = 11*k + 3 - 4 + 0 + 2. Let l(h) = h + 2*h - 4*h. Let p(s) = -4*l(s) - x(s). What is p(-1)?
6
Let t(n) = -6 - 2 - 2*n + 2. Let w be t(-4). Suppose w = 2*y - y. Let h(j) = j**2 - j. Give h(y).
2
Let d(r) = -r**3 + 6*r**2 + 8*r - 4. Let b be d(7). Suppose p + 0 = -y + b, -y + 5*p = 3. Let l(k) = -4*k + 3. Determine l(y).
-5
Let u(h) = 9*h**3 - 2*h - 1. Let c be (2/(-3))/((-7)/(-63)). Let q be 2/(-3)*(-9)/c. Calculate u(q).
-8
Let y(b) = b**2 + 4*b - 1. Let s = 21 + -25. What is y(s)?
-1
Let x(s) = -s + 3. Let a be x(-5). Let f be ((-16)/(-10))/(a/20). Let z(o) = 3*o - 3. Determine z(f).
9
Suppose -3*w = 2*z - 0 + 9, -26 = 4*z - 2*w. Let o(s) = -s**2 - 6*s + 2. Determine o(z).
2
Let o(p) = -3*p. Suppose 4*z = -11 - 1. Give o(z).
9
Let b = -38 - -63. Suppose -2*t = 3*t - b. Let o(u) = 1 - 5*u**2 - t*u + 4*u - 2. Calculate o(-1).
-5
Let y(i) be the first derivative of -i**3/3 - 3*i**2 - 3*i - 5. Calculate y(-3).
6
Let l(o) = -o**3 - o + 1. Let g(v) = -v**3 - 7*v**2 + 9*v + 8. Let c be g(-8). Calculate l(c).
1
Let o(z) = z - 2. Let w be o(1). Let g(j) = -19*j + 17*j - 4*j + 1. What is g(w)?
7
Let o(f) = f**3 - 6*f**2 + 6*f - 2. Suppose -5*r + 427 = 122. Let j be r/6 - 3/18. Let u be (-1)/((-22)/j - -2). Give o(u).
3
Let b(m) = m + 7. Let q(f) = 2*f. Suppose 0 = 4*z - 4. Let c be q(z). Suppose 0 = 6*k - c*k. Give b(k).
7
Let t(o) = -1 - 2*o + 6*o**2 - 14*o**2 + 7*o**2 + 0*o**2. Let k be ((-2)/(-4) + 2)*6. Suppose -5*c - 5*p = k, -c - 2*p - 8 = 3*c. Give t(c).
0
Let b(s) = s + 1. Let l be b(-6). Let f be 12/2 - (-20)/l. Let a(h) = 3 + 4*h**2 - 4*h**2 + h**2 - 6*h. Give a(f).
-5
Let n(u) = u**3 + 5*u**2 - 6*u - 4. Let x be n(-6). Let f(a) = -a + 1. Let w be f(x). Let i(z) = -z**2 + 4*z + 1. Determine i(w).
-4
Let b(m) = m**3 - 5*m**2 + 2. Let i be b(5). Let g(c) = 10 - c**i + c + 3*c + 4*c - 17. Calculate g(6).
5
Let m be -2*(3/2)/(-3). Let i(p) = 0*p + 4*p**2 - m - 6*p**2 + p. Suppose -k + w = 2*k - 7, 0 = -k - 5*w - 3. Determine i(k).
-7
Let q(c) = 8*c + 13. Let i = 24 + -37. Let b(s) = -21*s - 23. Let t(n) = n - 1. Let d(l) = b(l) + 4*t(l). Let x(v) = i*q(v) - 6*d(v). Determine x(-5).
3
Let s(l) = -l**3 + 8*l**2 + 4*l + 5. Let z(j) = -j**3 + 12*j**2 + 6*j + 7. Let w(g) = 7*s(g) - 5*z(g). Calculate w(-2).
4
Let m(h) = -h + 1. Suppose 2 = 3*p - 1. Let t be m(p). Let r(z) = t*z**2 - z**2 + z + 6*z**2. Give r(1).
6
Let a(n) = -n**2 - 6*n - 3. Let z be (-8)/12*(14 + 1). Let x = z - -5. What is a(x)?
2
Suppose -5*j = n - 10, 0*n + 5*n = -3*j + 6. Let s(t) = t**3 + t**2 - t + 2. Calculate s(n).
2
Let z(i) = -i**2 + 5*i - 7. Suppose 2*t - 2*s - 11 = -s, -2*s - 2 = 0. What is z(t)?
-7
Let a(q) = -q**2 + 6*q - 4. Let x(j) = -1. Let o(l) = -a(l) + 2*x(l). Let m(b) = 2*b**2 + 21*b - 7. Let g be m(-11). Determine o(g).
-6
Let j(f) = -f**2 + f + 2. Suppose 3*a = 7*a. Determine j(a).
2
Let i(c) = -4*c - 21 + 0*c**3 + 24 + c**3. Let p = -1 - -3. Let x be (p/5)/(2/10). What is i(x)?
3
Let o(g) = g**2 - 3*g + 1. Let q = -15 - -19. Let u = -1 + q. Determine o(u).
1
Let s = -1 + 4. Let f(y) be the second derivative of -y**7/840 + y**6/90 - y**4/8 - y**3/3 - 2*y. Let a(i) be the second derivative of f(i). Determine a(s).
6
Let p = -78 + 85. Let y(h) = h**2 - 8*h - 1. Give y(p).
-8
Let t(k) = -4*k + 1428*k**3 + 2 - 1429*k**3 - 5*k**2 + 4*k - 5*k. What is t(-4)?
6
Let m(i) be the third derivative of -i**4/24 - 2*i**3/3 + i**2. Let z be (1 - (-10)/(-6))*-3. Suppose -z*h - 14 = -6. Calculate m(h).
0
Let a(f) = f**2 - f. Let w be a(3). Let p(n) be the third derivative of -n**6/120 + n**5/12 + n**4/3 - n**3 - 3*n**2. 